NOAA-Style Climate Reports

Select a Year or Month report
2021: Jan Feb Mar Apr May Jun Jul Aug Sep Oct Nov Dec
2020: Jan Feb Mar Apr May Jun Jul Aug Sep Oct Nov Dec

Report for 2020 February

Daily noaa report



                            MONTHLY CLIMATOLOGICAL SUMMARY for FEB. 2020

NAME:    CITY:  STATE: 
ELEV:  LAT:  LONG: 

                            TEMPERATURE ( °F), RAIN (in.), WIND SPEED (mph)

                                               HEAT     COOL           AVG
      MEAN                                     DEG      DEG            WIND                       DOM
DAY   TEMP    HIGH   TIME     LOW    TIME      DAYS     DAYS    RAIN   SPEED    HIGH    TIME      DIR
--------------------------------------------------------------------------------------------------------
03    39.4   043.1   21:00    38.4   00:00     25.5     00.0   00.00   00.0     11.5    21:32      SW
04    48.9   061.5   15:38    37.9   02:21     16.0     00.0   00.50   00.2     10.3    14:41     SSW
05    41.9   051.6   01:26    36.6   00:00     23.0     00.0   00.04   01.0     11.5    02:18      N 
06    41.0   043.4   18:06    35.7   01:11     23.9     00.0   00.70   00.2     06.9    05:40      NE
07    42.6   060.5   10:52    33.9   00:00     22.3     00.0   00.21   03.0     25.3    10:29      W 
08    34.7   042.5   13:01    27.6   23:01     30.3     00.0   00.00   01.3     14.9    13:00      W 
09    38.1   048.8   14:50    27.5   01:17     26.8     00.0   00.00   00.7     12.7    23:17      SW
10    43.9   047.4   11:18    40.9   06:14     21.0     00.0   00.46   01.6     14.9    08:54     SSW
11    46.4   049.4   17:06    44.5   02:13     18.6     00.0   00.36   00.3     06.9    23:56     WSW
12    42.3   046.9   13:56    36.1   07:33     22.6     00.0   00.05   01.2     10.3    02:38     WSW
13    40.2   044.4   18:36    36.7   02:54     24.7     00.0   00.38   00.4     08.1    20:28     WNW
14    30.6   039.8   00:35    18.8   00:00     34.3     00.0   00.00   02.3     12.7    15:37      NW
15    23.8   033.1   15:14    12.6   07:17     41.2     00.0   00.00   00.7     11.5    14:26      SW
16    36.1   047.8   14:48    27.4   00:08     28.9     00.0   00.00   00.4     13.8    13:20     SSW
17    38.9   052.6   14:22    29.8   07:48     26.0     00.0   00.00   00.3     06.9    11:12     SSE
18    45.4   059.6   15:08    31.6   00:48     19.5     00.0   00.00   00.3     08.1    12:33     ENE
19    43.9   050.4   13:56    28.5   00:00     21.1     00.0   00.00   02.0     13.8    11:57     WNW
20    31.8   037.1   15:42    26.9   07:10     33.1     00.0   00.00   00.8     10.3    21:11      NW
21    28.3   036.0   14:38    21.0   07:07     36.6     00.0   00.00   01.4     11.5    01:06      NW
22    36.7   050.0   14:56    26.1   07:14     28.2     00.0   00.00   01.0     10.3    11:29      W 
23    40.8   056.7   14:49    23.9   06:41     24.2     00.0   00.00   00.8     11.5    15:46      SW
24    46.2   062.0   13:45    27.1   07:08     18.8     00.0   00.00   00.6     09.2    21:40      S 
25    47.2   050.0   00:03    45.2   07:32     17.7     00.0   00.22   00.1     05.8    09:29      SE
26    46.5   049.9   13:48    44.7   21:22     18.4     00.0   00.01   00.9     09.2    23:53     ENE
27    39.4   046.0   03:04    31.4   00:00     25.5     00.0   00.18   04.0     19.6    16:41     WNW
28    35.5   042.5   15:10    29.2   05:58     29.5     00.0   00.00   00.5     16.1    02:43      W 
29    31.2   035.6   13:24    27.8   06:16     33.8     00.0   00.00   00.3     14.9    10:47     WNW
--------------------------------------------------------------------------------------------------------
39.3 (39.6)   62.0  day 24     12.6  day 15   691.7    000.0   03.11   01.0     25.3   day 07      W 
Min  .08in) 0 (> 0.8in)