NOAA-Style Climate Reports

Select a Year or Month report
2021: Jan Feb Mar Apr May Jun Jul Aug Sep Oct Nov Dec
2020: Jan Feb Mar Apr May Jun Jul Aug Sep Oct Nov Dec

Report for 2020 March

Daily noaa report



                            MONTHLY CLIMATOLOGICAL SUMMARY for MAR. 2020

NAME:    CITY:  STATE: 
ELEV:  LAT:  LONG: 

                            TEMPERATURE ( °F), RAIN (in.), WIND SPEED (mph)

                                               HEAT     COOL           AVG
      MEAN                                     DEG      DEG            WIND                       DOM
DAY   TEMP    HIGH   TIME     LOW    TIME      DAYS     DAYS    RAIN   SPEED    HIGH    TIME      DIR
--------------------------------------------------------------------------------------------------------
01    33.7   044.9   15:35    21.8   07:06     31.2     00.0   00.00   00.1     10.3    14:26      W 
02    47.0   065.5   15:35    26.5   06:34     18.0     00.0   00.00   00.8     21.9    23:11      SW
03    51.7   058.6   12:42    43.5   07:16     13.2     00.0   00.30   00.4     13.8    21:51     SSW
04    50.3   057.4   15:56    44.7   06:49     14.6     00.0   00.07   00.3     16.1    12:39      W 
05    45.2   053.0   15:58    36.2   07:13     19.8     00.0   00.00   00.0     10.3    02:59      W 
06    38.2   045.4   11:48    30.6   05:21     26.7     00.0   00.24   00.3     09.2    15:15     NNE
07    40.1   048.3   14:46    31.7   00:00     24.9     00.0   00.03   00.7     13.8    09:44      NW
08    44.3   059.6   16:54    26.8   07:35     20.7     00.0   00.00   00.1     10.3    15:36      W 
09    54.4   071.9   15:39    35.9   07:35     10.5     00.0   00.00   00.2     11.5    17:56      SW
10    57.2   066.2   17:24    42.6   06:35     07.7     00.0   00.00   00.6     19.6    16:21     WSW
12    50.3   058.9   00:04    42.7   07:47     14.6     00.0   00.00   00.3     09.2    02:14      NE
13    58.3   072.3   17:00    47.0   00:19     06.6     00.0   00.39   01.7     19.6    15:54      NW
14    49.7   057.7   16:32    41.7   07:44     15.2     00.0   00.00   01.4     12.7    10:53      NW
15    46.1   054.7   15:37    37.1   00:00     18.8     00.0   00.01   01.2     09.2    13:31      N 
16    40.5   047.4   13:16    32.0   07:44     24.4     00.0   00.00   01.9     11.5    09:34      E 
17    46.8   055.0   17:53    40.6   01:21     18.1     00.0   00.14   00.9     08.1    18:07     WNW
18    46.6   058.0   15:44    33.3   07:37     18.3     00.0   00.00   01.6     11.5    22:12      SE
19    46.0   051.1   15:53    41.9   03:01     18.9     00.0   01.06   01.2     06.9    22:23     ENE
20    61.1   079.7   17:01    47.4   07:06     03.9     00.0   00.00   01.8     20.7    17:43     WSW
21    50.6   068.1   00:01    41.8   10:19     14.3     00.0   00.00   02.2     13.8    03:31     NNW
22    39.6   045.6   14:00    34.4   07:41     25.4     00.0   00.00   02.2     11.5    10:38     ENE
23    39.9   043.3   17:43    37.5   00:01     25.0     00.0   00.99   02.3     12.7    19:21     ENE
24    45.0   057.2   16:01    33.1   05:28     20.0     00.0   00.11   01.1     10.3    09:25      N 
25    43.8   046.7   12:07    40.2   00:14     21.2     00.0   00.01   02.3     18.4    15:25     ENE
26    47.3   060.1   17:04    31.5   07:21     17.6     00.0   00.00   01.4     11.5    18:24      W 
27    56.7   068.7   16:20    48.2   00:00     08.3     00.0   00.00   01.3     10.3    14:33     WNW
28    47.7   049.9   07:20    44.4   02:29     17.2     00.0   00.61   01.2     11.5    20:35      E 
29    48.3   051.0   16:26    46.3   07:24     16.7     00.0   00.12   01.8     10.3    02:51     ENE
30    49.1   054.5   16:56    45.6   00:00     15.9     00.0   00.01   01.0     08.1    12:48     ESE
31    44.2   046.5   17:06    41.9   23:39     20.7     00.0   00.03   01.1     08.1    13:51     ESE
--------------------------------------------------------------------------------------------------------
47.3 (47.4)   79.7  day 20     21.8  day 01   528.5    000.0   04.12   01.1     21.9   day 20     N
Min  .08in) 2 (> 0.8in)