NOAA-Style Climate Reports

Select a Year or Month report
2021: Jan Feb Mar Apr May Jun Jul Aug Sep Oct Nov Dec
2020: Jan Feb Mar Apr May Jun Jul Aug Sep Oct Nov Dec

Report for 2020 April

Daily noaa report



                            MONTHLY CLIMATOLOGICAL SUMMARY for APR. 2020

NAME:    CITY:  STATE: 
ELEV:  LAT:  LONG: 

                            TEMPERATURE ( °F), RAIN (in.), WIND SPEED (mph)

                                               HEAT     COOL           AVG
      MEAN                                     DEG      DEG            WIND                       DOM
DAY   TEMP    HIGH   TIME     LOW    TIME      DAYS     DAYS    RAIN   SPEED    HIGH    TIME      DIR
--------------------------------------------------------------------------------------------------------
01    46.6   054.5   15:15    38.9   07:05     18.3     00.0   00.00   02.2     11.5    16:17     NNE
02    48.5   058.2   15:46    38.2   06:40     16.4     00.0   00.00   04.1     16.1    20:43     NNW
03    51.2   056.1   16:35    47.3   09:31     13.7     00.0   00.00   03.5     16.1    09:18     NNW
04    51.5   059.3   17:47    45.6   00:00     13.4     00.0   00.02   01.2     08.1    07:41     ENE
05    54.7   068.1   14:44    40.1   04:53     10.2     00.0   00.00   00.9     10.3    16:31     WSW
06    56.6   066.8   16:58    46.5   00:00     08.4     00.0   00.09   01.3     09.2    18:29      NW
07    55.2   068.6   15:58    40.7   04:25     09.8     00.0   00.00   01.1     11.5    14:04      SW
08    58.8   071.9   15:46    48.7   00:00     06.2     00.0   00.43   01.5     19.6    19:26     WNW
09    52.0   067.3   12:25    43.3   04:41     13.0     00.0   00.08   02.2     21.9    13:33      W 
10    44.7   050.0   13:45    39.7   01:38     20.2     00.0   00.04   04.3     18.4    10:39     WNW
11    46.1   056.1   16:41    36.1   06:43     18.8     00.0   00.00   02.3     17.3    14:08     WNW
12    53.1   070.3   14:44    31.4   06:20     11.9     00.0   00.00   02.1     17.3    18:27     SSW
13    61.6   068.2   19:28    55.8   05:47     03.3     00.0   01.85   04.5     34.5    10:22     SSW
14    52.1   058.8   15:05    44.1   06:48     12.9     00.0   00.00   01.7     11.5    10:30      NW
15    46.1   052.6   17:41    40.5   04:43     18.8     00.0   00.00   02.0     10.3    12:43      NW
16    45.2   051.4   14:29    36.9   00:00     19.7     00.0   00.01   02.6     12.7    15:56      NW
17    42.1   052.8   13:40    29.3   06:44     22.9     00.0   00.01   01.1     13.8    17:28     WSW
18    44.1   047.6   16:30    34.4   00:00     20.8     00.0   00.09   01.3     12.7    17:12      N 
19    48.0   062.4   14:51    29.8   06:33     16.9     00.0   00.00   01.4     16.1    15:17     WSW
20    52.0   057.7   16:14    43.8   22:14     12.9     00.0   00.00   01.1     09.2    11:49     NNW
21    50.0   062.0   14:09    41.4   00:00     14.9     00.0   00.25   02.7     17.3    14:13     WSW
22    43.8   052.7   16:20    35.7   06:54     21.1     00.0   00.00   02.2     16.1    12:51     WNW
23    44.8   058.3   16:05    33.8   02:43     20.1     00.0   00.17   00.7     10.3    16:27      E 
24    46.5   049.7   16:07    42.6   00:14     18.4     00.0   00.85   01.0     05.8    14:34     NNE
25    52.2   065.9   15:44    39.3   05:06     12.7     00.0   00.00   00.8     11.5    17:55     ESE
26    47.8   050.0   10:10    43.2   00:00     17.2     00.0   00.16   01.6     09.2    09:19     ENE
27    45.4   051.6   15:39    40.6   06:40     19.6     00.0   00.02   01.6     09.2    09:25     NNW
28    52.3   066.3   15:32    38.4   03:26     12.6     00.0   00.00   00.9     10.3    16:15     WNW
29    53.3   060.5   14:43    44.0   03:24     11.6     00.0   00.00   01.6     12.7    14:11      E 
30    60.4   067.5   12:53    53.9   00:02     04.5     00.0   00.54   03.5     28.8    14:51      SE
--------------------------------------------------------------------------------------------------------
50.2 (50.1)   71.9  day 08     29.3  day 17   441.3    000.0   04.61   02.0     34.5   day 13      NW
Min  .008in) 9 (> .08in) 2 (> 0.8in)