NOAA-Style Climate Reports

Select a Year or Month report
2021: Jan Feb Mar Apr May Jun Jul Aug Sep Oct Nov Dec
2020: Jan Feb Mar Apr May Jun Jul Aug Sep Oct Nov Dec

Report for 2020 May

Daily noaa report



                            MONTHLY CLIMATOLOGICAL SUMMARY for MAY. 2020

NAME:    CITY:  STATE: 
ELEV:  LAT:  LONG: 

                            TEMPERATURE ( °F), RAIN (in.), WIND SPEED (mph)

                                               HEAT     COOL           AVG
      MEAN                                     DEG      DEG            WIND                       DOM
DAY   TEMP    HIGH   TIME     LOW    TIME      DAYS     DAYS    RAIN   SPEED    HIGH    TIME      DIR
--------------------------------------------------------------------------------------------------------
01    61.0   069.3   15:01    56.7   07:24     03.9     00.0   00.16   01.2     09.2    17:11     WNW
02    62.7   072.9   14:24    51.2   06:11     02.2     00.0   00.00   01.9     11.5    15:52      NW
03    66.4   078.4   17:17    55.0   06:08     00.0     01.4   00.07   01.1     11.5    14:47      SW
04    63.5   073.9   12:22    51.1   23:47     01.4     00.0   00.00   02.0     14.9    18:28      NW
05    53.1   060.2   17:29    45.8   06:54     11.9     00.0   00.00   01.0     08.1    12:39     WNW
06    48.7   055.3   11:24    44.3   22:25     16.2     00.0   00.07   00.4     09.2    12:21     ENE
07    55.5   066.2   16:11    44.2   05:57     09.4     00.0   00.00   01.2     12.7    16:45     WNW
08    48.8   057.8   00:01    38.2   00:00     16.1     00.0   00.48   00.3     11.5    23:52      NW
09    41.0   048.3   16:40    33.9   05:57     24.0     00.0   00.02   02.5     19.6    13:21     WNW
10    51.9   064.9   17:00    35.8   04:55     13.1     00.0   00.00   01.6     13.8    17:26      W 
11    50.6   061.9   13:38    41.4   06:15     14.4     00.0   00.12   01.2     14.9    17:41      W 
12    52.0   060.3   15:49    43.7   06:42     13.0     00.0   00.00   01.8     11.5    18:09     WNW
13    59.1   065.6   16:50    44.2   00:00     05.9     00.0   00.00   01.2     10.3    17:14     WNW
14    55.1   074.8   15:47    36.4   06:02     09.9     00.0   00.00   01.1     11.5    15:49     WSW
15    79.1   084.6   16:03    67.6   08:02     00.0     14.2   00.00   01.9     14.9    16:52      SW
16    70.7   076.7   16:48    58.6   00:00     00.0     05.7   00.00   01.0     08.1    08:47      NW
17    60.9   069.9   12:02    53.1   06:28     04.0     00.0   00.00   00.9     10.3    13:35      SE
18    59.6   070.6   13:36    52.7   06:11     05.3     00.0   00.00   01.0     10.3    19:39     ENE
19    58.4   067.3   14:01    51.4   03:41     06.5     00.0   00.00   01.8     18.4    16:52     ENE
20    53.7   062.1   13:04    43.3   00:00     11.2     00.0   00.00   01.1     11.5    08:47      E 
21    57.3   073.0   14:46    40.7   02:56     07.6     00.0   00.00   00.9     11.5    17:18      S 
22    62.8   075.1   14:01    50.3   05:15     02.2     00.0   00.21   00.5     10.3    12:34      S 
23    64.7   072.9   16:32    55.1   00:00     00.2     00.0   00.15   00.4     06.9    19:00      NE
24    59.1   068.2   15:30    52.5   04:10     05.8     00.0   00.00   00.8     09.2    14:54     ENE
25    63.2   073.2   17:16    56.4   05:30     01.7     00.0   00.01   00.4     06.9    16:28      SE
26    68.3   081.9   17:16    58.8   06:02     00.0     03.4   00.00   00.7     08.1    19:51     SSE
27    70.2   082.9   16:11    60.2   06:12     00.0     05.2   00.00   00.6     09.2    19:26      S 
28    72.1   077.5   16:29    65.4   00:56     00.0     07.2   00.06   01.7     16.1    11:41      S 
29    76.2   085.9   16:40    70.0   01:57     00.0     11.3   00.13   01.5     13.8    16:03     SSW
30    73.1   081.8   16:33    66.4   07:35     00.0     08.1   00.00   00.7     06.9    15:44     WNW
31    63.8   071.4   15:43    56.2   06:11     01.2     00.0   00.00   01.0     09.2    16:31     NNW
--------------------------------------------------------------------------------------------------------
60.7 (60.7)   85.9  day 29     33.9  day 09   187.1    056.5   01.48   01.1     19.6   day 28      W 
Min  .008in) 6 (> .08in) 0 (> 0.8in)