NOAA-Style Climate Reports

Select a Year or Month report
2021: Jan Feb Mar Apr May Jun Jul Aug Sep Oct Nov Dec
2020: Jan Feb Mar Apr May Jun Jul Aug Sep Oct Nov Dec

Report for 2020 October

Daily noaa report



                            MONTHLY CLIMATOLOGICAL SUMMARY for OCT. 2020

NAME:    CITY:  STATE: 
ELEV:  LAT:  LONG: 

                            TEMPERATURE ( °F), RAIN (in.), WIND SPEED (mph)

                                               HEAT     COOL           AVG
      MEAN                                     DEG      DEG            WIND                       DOM
DAY   TEMP    HIGH   TIME     LOW    TIME      DAYS     DAYS    RAIN   SPEED    HIGH    TIME      DIR
--------------------------------------------------------------------------------------------------------
01    61.8   071.7   13:01    53.4   07:40     03.1     00.0   00.01   00.4     05.8    14:48     WSW
02    57.6   067.6   15:36    49.2   00:00     07.3     00.0   00.12   00.3     06.9    16:53     WSW
03    53.7   066.3   15:38    43.4   07:22     11.2     00.0   00.00   00.3     08.1    14:06      SW
04    54.3   067.4   13:22    41.4   06:51     10.7     00.0   00.00   00.2     06.9    13:36      NW
05    57.9   068.6   15:23    47.2   06:44     07.0     00.0   00.01   00.2     05.8    13:08     NNE
06    58.1   069.5   16:11    45.8   07:04     06.8     00.0   00.00   00.6     10.3    13:26      W 
07    65.8   078.0   15:54    55.7   05:21     00.0     00.9   00.00   01.1     13.8    15:08     WSW
08    57.2   067.4   14:54    44.7   00:00     07.8     00.0   00.00   00.8     09.2    14:30     WNW
09    56.5   072.9   15:17    41.4   07:32     08.4     00.0   00.00   00.6     09.2    13:25      W 
10    63.9   072.9   16:34    54.1   06:37     01.1     00.0   00.00   01.1     09.2    15:45     SSW
11    62.9   066.5   12:42    58.5   00:00     02.1     00.0   00.03   00.2     04.6    22:39      NW
12    54.5   058.5   00:02    52.2   08:57     10.5     00.0   01.06   01.0     08.1    11:12      NE
13    57.6   062.3   15:48    53.1   00:00     07.3     00.0   00.09   00.7     05.8    01:17      NW
14    55.8   070.8   15:20    44.5   07:38     09.2     00.0   00.00   00.4     06.9    12:02     WSW
15    60.8   075.6   15:26    46.8   05:24     04.1     00.0   00.00   01.3     16.1    14:55     SSW
16    55.5   062.1   04:28    49.7   00:00     09.5     00.0   01.23   00.1     03.5    10:53      SE
17    49.1   060.4   15:12    39.5   00:00     15.9     00.0   00.03   00.4     06.9    14:07     WNW
18    49.2   066.4   15:02    35.0   07:49     15.7     00.0   00.00   00.5     11.5    13:15      S 
19    56.1   068.9   14:19    44.7   07:29     08.9     00.0   00.00   00.3     06.9    16:27     SSE
20    61.9   071.1   15:26    52.0   03:21     03.0     00.0   00.04   00.2     05.8    13:06      S 
21    65.1   076.7   16:18    59.6   07:35     00.0     00.2   00.00   00.2     05.8    16:14      S 
22    65.6   072.7   16:39    60.5   01:45     00.0     00.6   00.01   00.0     03.5    21:25      S 
23    64.7   070.1   16:02    61.9   07:43     00.2     00.0   00.01   00.4     11.5    14:02     SSE
24    62.6   072.5   14:52    48.9   00:00     02.3     00.0   00.00   00.8     08.1    19:39      W 
25    47.9   054.1   12:23    42.3   06:30     17.0     00.0   00.02   00.4     08.1    11:16      N 
26    57.5   062.5   15:05    48.1   01:17     07.5     00.0   00.15   00.1     03.5    11:29     NNW
27    57.6   061.7   14:54    52.6   09:53     07.3     00.0   00.00   00.2     05.8    12:19      W 
28    55.4   058.2   17:56    53.1   09:00     09.6     00.0   00.01   00.0     03.5    16:14     WSW
29    51.8   055.7   00:07    47.7   00:00     13.1     00.0   01.54   00.7     10.3    14:35      N 
30    43.1   047.7   00:08    36.5   00:00     21.8     00.0   00.50   00.8     09.2    08:50      N 
31    38.8   050.0   15:39    30.7   08:03     26.1     00.0   00.00   00.3     06.9    14:57      W 
--------------------------------------------------------------------------------------------------------
56.8 (57.1)   78.0  day 07     30.7  day 31   254.5    001.7   04.86   00.5     16.1   day 15     WSW
Min  .008in) 7 (> .08in) 3 (> 0.8in)