NOAA-Style Climate Reports

Select a Year or Month report
2021: Jan Feb Mar Apr May Jun Jul Aug Sep Oct Nov Dec
2020: Jan Feb Mar Apr May Jun Jul Aug Sep Oct Nov Dec

Report for 2020 November

Daily noaa report



                            MONTHLY CLIMATOLOGICAL SUMMARY for NOV. 2020

NAME:    CITY:  STATE: 
ELEV:  LAT:  LONG: 

                            TEMPERATURE ( °F), RAIN (in.), WIND SPEED (mph)

                                               HEAT     COOL           AVG
      MEAN                                     DEG      DEG            WIND                       DOM
DAY   TEMP    HIGH   TIME     LOW    TIME      DAYS     DAYS    RAIN   SPEED    HIGH    TIME      DIR
--------------------------------------------------------------------------------------------------------
01    47.4   055.3   11:26    33.4   00:03     17.5     00.0   00.44   01.3     13.8    21:33      SW
02    41.9   048.0   14:38    37.9   03:31     23.0     00.0   00.00   02.7     14.9    18:24     WNW
03    46.6   056.9   13:59    38.2   00:00     18.3     00.0   00.00   01.4     14.9    11:07      W 
04    49.6   068.4   14:33    32.8   06:39     15.4     00.0   00.00   00.6     11.5    14:43      SW
05    52.7   071.1   14:39    39.3   05:33     12.3     00.0   00.00   00.4     09.2    12:59      S 
06    55.0   072.1   14:39    42.8   03:28     09.9     00.0   00.00   00.4     10.3    15:07     SSW
07    56.3   076.9   14:41    43.3   07:13     08.6     00.0   00.00   00.2     08.1    15:07      SW
08    55.9   078.8   14:42    41.1   07:22     09.0     00.0   00.00   00.2     04.6    13:12     SSW
09    56.5   076.6   14:38    41.1   06:42     08.4     00.0   00.00   00.3     08.1    14:19      SW
10    60.8   076.7   14:37    47.1   04:44     04.2     00.0   00.00   00.7     10.3    13:57     SSW
11    65.8   072.4   13:12    59.3   04:39     00.0     00.8   00.88   01.0     10.3    17:52     SSW
12    55.7   067.1   00:02    47.1   23:58     09.2     00.0   00.44   00.8     11.5    10:11     NNE
13    46.6   050.5   15:11    39.7   00:00     18.3     00.0   00.06   00.4     05.8    00:52     NNW
14    42.4   054.3   14:16    33.4   00:00     22.5     00.0   00.02   00.5     09.2    10:06      W 
15    48.7   065.9   19:48    31.5   04:01     16.2     00.0   00.16   02.2     28.8    17:27      SW
16    48.1   056.0   14:38    36.9   00:00     16.8     00.0   00.00   01.6     18.4    00:50     WNW
17    38.8   049.8   12:47    31.2   07:13     26.2     00.0   00.00   01.2     13.8    15:45     WNW
18    33.1   038.6   14:32    25.2   00:00     31.9     00.0   00.00   01.7     14.9    11:24     NNW
19    36.5   049.4   14:06    22.8   06:42     28.4     00.0   00.00   01.2     13.8    14:43      SW
20    49.8   064.2   14:41    36.3   06:44     15.1     00.0   00.00   01.0     11.5    11:12      SW
21    52.3   066.7   12:35    39.6   07:18     12.6     00.0   00.00   00.8     09.2    23:35      NW
22    50.0   058.6   23:01    44.5   07:13     15.0     00.0   00.01   01.5     09.2    10:57     ENE
23    51.7   059.7   02:26    43.8   19:53     13.3     00.0   00.39   02.1     13.8    13:36      NW
24    41.9   049.4   14:31    35.0   07:24     23.0     00.0   00.00   01.0     11.5    10:58      NW
25    46.7   056.4   14:20    36.4   07:27     18.2     00.0   00.00   00.8     18.4    10:13     SSW
26    56.7   066.7   11:48    45.3   00:00     08.2     00.0   00.68   01.2     11.5    10:28      W 
27    50.2   060.5   13:10    41.6   00:00     14.7     00.0   00.00   00.4     08.1    15:02      NW
28    47.3   056.3   11:50    36.6   00:00     17.7     00.0   00.02   00.8     10.3    14:58      NW
29    42.1   055.8   14:37    31.1   05:26     22.9     00.0   00.00   00.5     09.2    12:49      W 
30    55.3   067.5   17:25    38.5   01:05     09.7     00.0   01.22   02.6     24.1    12:06      S 
--------------------------------------------------------------------------------------------------------
49.4 (50.0)   78.8  day 08     22.8  day 19   466.5    000.8   04.32   01.1     28.8   day 15      W 
Min  .08in) 2 (> 0.8in)