NOAA-Style Climate Reports

Select a Year or Month report
2021: Jan Feb Mar Apr May Jun Jul Aug Sep Oct Nov Dec
2020: Jan Feb Mar Apr May Jun Jul Aug Sep Oct Nov Dec

Report for 2020 December

Daily noaa report



                            MONTHLY CLIMATOLOGICAL SUMMARY for DEC. 2020

NAME:    CITY:  STATE: 
ELEV:  LAT:  LONG: 

                            TEMPERATURE ( °F), RAIN (in.), WIND SPEED (mph)

                                               HEAT     COOL           AVG
      MEAN                                     DEG      DEG            WIND                       DOM
DAY   TEMP    HIGH   TIME     LOW    TIME      DAYS     DAYS    RAIN   SPEED    HIGH    TIME      DIR
--------------------------------------------------------------------------------------------------------
01    45.7   054.6   00:02    37.2   00:00     19.3     00.0   00.01   01.9     17.3    18:58      W 
02    39.3   044.3   11:24    35.1   23:55     25.6     00.0   00.00   02.4     17.3    10:52     WNW
03    41.0   050.3   14:28    31.2   07:09     24.0     00.0   00.00   00.9     11.5    13:20      W 
04    44.4   049.4   11:36    39.0   07:28     20.5     00.0   00.16   00.9     11.5    12:04     SSW
05    42.8   047.1   13:53    36.4   00:00     22.1     00.0   00.80   02.7     12.7    19:17     NNW
06    36.3   040.5   11:36    29.3   00:00     28.6     00.0   00.00   02.5     13.8    11:54      NW
07    32.3   040.2   14:30    26.9   06:23     32.6     00.0   00.00   01.0     06.9    12:27      NW
08    33.4   040.5   14:47    26.7   00:00     31.5     00.0   00.00   01.6     11.5    13:58     NNW
09    33.2   039.1   12:06    25.9   03:26     31.7     00.0   00.01   00.8     10.3    12:41     WNW
10    39.2   050.3   14:32    29.5   00:00     25.7     00.0   00.00   01.1     12.7    12:42      NW
11    40.3   059.3   14:23    26.7   07:10     24.7     00.0   00.00   00.8     11.5    14:28     WSW
12    46.2   060.7   16:03    33.9   02:08     18.7     00.0   00.00   00.3     08.1    16:28      S 
13    49.0   062.4   13:04    37.9   23:38     15.9     00.0   00.00   01.1     11.5    15:19     WNW
14    38.3   042.7   04:15    32.8   22:20     26.6     00.0   00.48   00.7     08.1    23:22      NW
15    33.4   039.5   13:52    28.0   06:37     31.5     00.0   00.00   01.2     11.5    12:24     NNW
16    29.3   032.9   13:35    26.4   04:15     35.7     00.0   00.00   02.7     19.6    23:41     ENE
17    29.2   034.9   15:20    23.3   00:00     35.7     00.0   00.18   01.9     13.8    10:57     NNE
18    26.4   035.3   14:57    19.3   04:15     38.5     00.0   00.05   00.6     09.2    13:11     NNW
19    23.6   033.0   14:12    14.4   07:13     41.3     00.0   00.04   00.1     03.5    14:35      NW
20    31.3   038.5   15:14    23.5   00:03     33.6     00.0   00.13   00.2     05.8    14:19     WSW
21    37.0   043.9   13:58    32.9   00:20     28.0     00.0   00.27   00.4     05.8    14:32     WSW
22    39.8   045.3   13:56    35.7   03:14     25.1     00.0   00.18   01.5     12.7    14:09     WNW
23    37.3   045.4   14:50    27.8   07:46     27.7     00.0   00.00   00.6     09.2    17:58     SSW
24    52.5   063.1   20:59    32.9   02:01     12.4     00.0   00.67   04.0     35.6    23:21      S 
25    46.5   064.3   02:06    27.0   00:00     18.4     00.0   00.48   03.9     33.4    00:51     WSW
26    27.6   032.5   14:43    24.1   06:41     37.4     00.0   00.00   02.6     13.8    10:22     WNW
27    28.9   039.1   14:44    20.8   07:41     36.0     00.0   00.00   00.5     08.1    15:06     WSW
28    38.9   050.7   14:39    26.6   02:12     26.0     00.0   00.00   00.9     14.9    12:11      SW
29    35.0   039.8   12:26    25.9   00:00     29.9     00.0   00.00   02.1     17.3    10:03      NW
30    34.2   042.9   14:55    23.8   04:01     30.7     00.0   00.00   01.5     13.8    11:29      SW
31    43.7   049.3   05:02    33.8   23:39     21.2     00.0   00.24   01.4     11.5    05:46     WNW
--------------------------------------------------------------------------------------------------------
37.3 (37.2)   64.3  day 25     14.4  day 19   856.9    000.0   03.71   01.4     35.7   day 25     WNW
Min  .08in) 0 (> 0.8in)