NOAA-Style Climate Reports

Select a Year or Month report
2021: Jan Feb Mar Apr May Jun Jul Aug Sep Oct Nov Dec
2020: Jan Feb Mar Apr May Jun Jul Aug Sep Oct Nov Dec

Report for 2021 March

Daily noaa report



                            MONTHLY CLIMATOLOGICAL SUMMARY for MAR. 2021

NAME:    CITY:  STATE: 
ELEV:  LAT:  LONG: 

                            TEMPERATURE ( °F), RAIN (in.), WIND SPEED (mph)

                                               HEAT     COOL           AVG
      MEAN                                     DEG      DEG            WIND                       DOM
DAY   TEMP    HIGH   TIME     LOW    TIME      DAYS     DAYS    RAIN   SPEED    HIGH    TIME      DIR
--------------------------------------------------------------------------------------------------------
01    42.2   047.8   15:21    34.0   00:00     22.7     00.0   00.18   03.0     19.6    21:08      NW
02    30.1   035.9   14:46    23.7   07:09     34.9     00.0   00.00   03.7     18.4    06:05      NW
03    38.9   053.2   14:43    25.8   05:02     26.1     00.0   00.00   01.3     12.7    15:29     WNW
04    37.3   046.7   12:43    29.7   00:00     27.7     00.0   00.00   03.1     17.3    13:31     NNW
05    31.4   038.1   15:42    23.4   06:59     33.6     00.0   00.00   04.3     16.1    15:06      NW
06    33.8   037.8   13:06    28.9   00:00     31.1     00.0   00.00   02.1     12.7    14:33      NW
07    33.6   042.5   14:39    26.6   07:15     31.3     00.0   00.00   01.4     11.5    15:03     NNW
08    33.4   044.2   15:53    22.4   07:00     31.5     00.0   00.00   01.3     10.3    15:21     NNW
09    49.4   064.4   15:42    33.4   00:01     15.6     00.0   00.00   01.7     13.8    13:30     WNW
10    46.7   063.1   14:35    30.3   06:32     18.2     00.0   00.00   01.2     12.7    16:16     ESE
11    55.4   075.4   15:36    38.5   05:35     09.6     00.0   00.00   01.5     11.5    17:33     SSW
12    61.4   070.4   14:30    54.6   00:00     03.6     00.0   00.00   02.3     13.8    14:35     WNW
13    42.4   054.6   00:01    33.0   23:35     22.6     00.0   00.00   02.8     16.1    02:30      NW
14    44.1   057.1   15:50    33.1   00:00     20.9     00.0   00.00   03.8     21.9    20:06     NNW
15    32.8   041.4   16:24    26.1   07:59     32.1     00.0   00.00   03.4     17.3    10:19     NNW
16    34.5   038.7   17:49    27.8   00:47     30.4     00.0   00.06   00.8     08.1    16:06     ESE
17    41.1   048.2   15:54    34.7   00:46     23.9     00.0   00.03   00.6     05.8    15:05     ESE
18    44.8   047.8   14:26    43.0   00:00     20.2     00.0   00.73   01.2     11.5    23:30     ENE
19    40.7   048.3   16:36    34.6   00:00     24.3     00.0   00.09   03.4     19.6    10:15      NE
20    42.0   058.9   17:15    25.9   07:39     22.9     00.0   00.00   00.7     08.1    15:10     NNW
21    45.8   065.2   16:23    28.0   07:26     19.1     00.0   00.00   00.7     08.1    17:54      SE
22    45.4   063.7   15:38    29.5   07:13     19.5     00.0   00.00   00.8     11.5    16:10     ESE
23    50.7   067.3   16:18    35.5   04:46     14.3     00.0   00.00   01.2     10.3    16:16      E 
24    52.4   060.2   12:02    43.8   02:40     12.6     00.0   01.18   01.1     10.3    09:30      E 
25    57.0   064.2   17:15    51.8   02:16     07.9     00.0   00.01   00.6     06.9    14:37     WNW
26    66.9   082.4   14:55    56.1   03:01     00.0     02.0   00.00   04.4     24.1    15:11      W 
27    58.8   069.6   15:33    44.5   07:29     06.1     00.0   00.00   01.5     10.3    16:19      W 
28    57.2   068.6   19:19    49.7   03:02     07.8     00.0   00.46   02.2     26.4    19:19      SW
29    48.9   055.7   16:36    39.8   00:00     16.1     00.0   00.00   04.4     20.7    10:49      NW
30    49.3   066.6   15:51    31.6   07:16     15.7     00.0   00.00   02.1     19.6    13:41     SSW
31    56.7   068.9   13:23    43.6   03:24     08.2     00.0   00.50   01.7     17.3    12:41     SSW
--------------------------------------------------------------------------------------------------------
45.3 (45.6)   82.4  day 26     22.4  day 08   610.3    002.0   03.25   02.1     26.5   day 28      NW
Min  .08in) 1 (> 0.8in)